{"id":34118,"date":"2022-01-27T15:09:22","date_gmt":"2022-01-27T14:09:26","guid":{"rendered":"https:\/\/niarosa.si\/?post_type=product&#038;p=34118"},"modified":"2022-02-01T12:58:59","modified_gmt":"2022-02-01T11:58:59","slug":"abito-estivo-con-stampa-floreale-sarah","status":"publish","type":"product","link":"https:\/\/niarosa.si\/it\/prodotto\/abito-estivo-con-stampa-floreale-sarah\/","title":{"rendered":"Abito estivo con stampa floreale Sarah"},"content":{"rendered":"<p>Abito floreale estivo<\/p>\n<p><strong>Materiale:<\/strong> 100% poliestere<br \/>\n<strong>Colore:<\/strong> come mostrato<br \/>\n<strong>Stile\/modello:<\/strong> classico<br \/>\n<strong>Taglie:<\/strong> taglia unica (S\/M\/L)<\/p>\n<p>Lunghezza totale: 81 cm<\/p>\n<table border=\"0\" width=\"384\" cellspacing=\"0\" cellpadding=\"0\">\n<tbody>\n<tr>\n<td class=\"xl65\" width=\"64\" height=\"20\">Misure in cm<\/td>\n<td class=\"xl65\" width=\"64\">XS<\/td>\n<td class=\"xl65\" width=\"64\">S<\/td>\n<td class=\"xl65\" width=\"64\">M<\/td>\n<td class=\"xl65\" width=\"64\">L<\/td>\n<td class=\"xl65\" width=\"64\">XL<\/td>\n<\/tr>\n<tr>\n<td class=\"xl65\" height=\"20\">Busto<\/td>\n<td class=\"xl65\">82<\/td>\n<td class=\"xl65\">87<\/td>\n<td class=\"xl65\">92<\/td>\n<td class=\"xl65\">97<\/td>\n<td class=\"xl65\">102<\/td>\n<\/tr>\n<tr>\n<td class=\"xl65\" height=\"20\">Vita<\/td>\n<td class=\"xl65\">65<\/td>\n<td class=\"xl65\">69<\/td>\n<td class=\"xl65\">74<\/td>\n<td class=\"xl65\">79<\/td>\n<td class=\"xl65\">84<\/td>\n<\/tr>\n<tr>\n<td class=\"xl65\" height=\"20\">Fianchi<\/td>\n<td class=\"xl65\">86<\/td>\n<td class=\"xl65\">91<\/td>\n<td class=\"xl65\">96<\/td>\n<td class=\"xl65\">101<\/td>\n<td class=\"xl65\">106<\/td>\n<\/tr>\n<\/tbody>\n<\/table>\n","protected":false},"excerpt":{"rendered":"<p>L&#8217;abito estivo Sarah con una stampa floreale giovanile \u00e8 la scelta giusta per te. Con dettaglio busto imbottito sul davanti con chiusura a laccio per una migliore vestibilit\u00e0. Sul retro, l&#8217;abito ha un elastico in vita e uno spacco pi\u00f9 corto per facilitare i movimenti. <strong>Disponibile in un&#8217;unica taglia che veste S\/M\/L.<\/strong><\/p>\n<p>Prodotto in UE<\/p>\n<p><span class=\"tlid-translation translation\" lang=\"it\"><span title=\"\">\u00a0<\/span><\/span><\/p>\n","protected":false},"featured_media":35747,"comment_status":"closed","ping_status":"closed","template":"","meta":[],"product_brand":[],"product_cat":[583,464],"product_tag":[],"class_list":{"0":"post-34118","1":"product","2":"type-product","3":"status-publish","4":"has-post-thumbnail","6":"product_cat-abbigliamento","7":"product_cat-vestiti","8":"pa_barva-altro","10":"first","11":"instock","12":"featured","13":"taxable","14":"shipping-taxable","15":"purchasable","16":"product-type-simple"},"_links":{"self":[{"href":"https:\/\/niarosa.si\/it\/wp-json\/wp\/v2\/product\/34118","targetHints":{"allow":["GET"]}}],"collection":[{"href":"https:\/\/niarosa.si\/it\/wp-json\/wp\/v2\/product"}],"about":[{"href":"https:\/\/niarosa.si\/it\/wp-json\/wp\/v2\/types\/product"}],"replies":[{"embeddable":true,"href":"https:\/\/niarosa.si\/it\/wp-json\/wp\/v2\/comments?post=34118"}],"wp:featuredmedia":[{"embeddable":true,"href":"https:\/\/niarosa.si\/it\/wp-json\/wp\/v2\/media\/35747"}],"wp:attachment":[{"href":"https:\/\/niarosa.si\/it\/wp-json\/wp\/v2\/media?parent=34118"}],"wp:term":[{"taxonomy":"product_brand","embeddable":true,"href":"https:\/\/niarosa.si\/it\/wp-json\/wp\/v2\/product_brand?post=34118"},{"taxonomy":"product_cat","embeddable":true,"href":"https:\/\/niarosa.si\/it\/wp-json\/wp\/v2\/product_cat?post=34118"},{"taxonomy":"product_tag","embeddable":true,"href":"https:\/\/niarosa.si\/it\/wp-json\/wp\/v2\/product_tag?post=34118"}],"curies":[{"name":"wp","href":"https:\/\/api.w.org\/{rel}","templated":true}]}}

<p>L&#8217;abito estivo Sarah con una stampa floreale giovanile è la scelta giusta per te. Con dettaglio busto imbottito sul davanti con chiusura a laccio per una migliore vestibilità. Sul retro, l&#8217;abito ha un elastico in vita e uno spacco più corto per facilitare i movimenti. <strong>Disponibile in un&#8217;unica taglia che veste S/M/L.</strong></p>
<p>Prodotto in UE</p>
<p><span class="tlid-translation translation" lang="it"><span title=""> </span></span></p>
